{"id":230,"date":"2024-10-05T20:26:48","date_gmt":"2024-10-05T23:26:48","guid":{"rendered":"https:\/\/jeanpaixao.com.br\/akemi\/?page_id=230"},"modified":"2024-10-21T12:44:46","modified_gmt":"2024-10-21T15:44:46","slug":"servicos","status":"publish","type":"page","link":"https:\/\/jeanpaixao.com.br\/akemi\/servicos\/","title":{"rendered":"Servi\u00e7os"},"content":{"rendered":"\t\t<div data-elementor-type=\"wp-page\" data-elementor-id=\"230\" class=\"elementor elementor-230\" data-elementor-post-type=\"page\">\n\t\t\t\t<div class=\"elementor-element elementor-element-259eaeb4 e-flex e-con-boxed e-con e-parent\" data-id=\"259eaeb4\" data-element_type=\"container\" data-e-type=\"container\" data-settings=\"{&quot;background_background&quot;:&quot;classic&quot;}\">\n\t\t\t\t\t<div class=\"e-con-inner\">\n\t\t\t\t\t<\/div>\n\t\t\t\t<\/div>\n\t\t<div class=\"elementor-element elementor-element-77ebf9e e-flex e-con-boxed elementor-invisible e-con e-parent\" data-id=\"77ebf9e\" data-element_type=\"container\" data-e-type=\"container\" data-settings=\"{&quot;animation&quot;:&quot;zoomIn&quot;}\">\n\t\t\t\t\t<div class=\"e-con-inner\">\n\t\t\t\t<div class=\"elementor-element elementor-element-729f315 elementor-widget elementor-widget-text-editor\" data-id=\"729f315\" data-element_type=\"widget\" data-e-type=\"widget\" data-widget_type=\"text-editor.default\">\n\t\t\t\t<div class=\"elementor-widget-container\">\n\t\t\t\t\t\t\t\t\t<p><strong><span>Avalia\u00e7\u00e3o Nutricional Completa<\/span><\/strong><span> : <\/span><br \/><span>Na primeira consulta, realizamos uma an\u00e1lise profunda de sua sa\u00fade, h\u00e1bitos alimentares e estilo de vida. Com essas informa\u00e7\u00f5es, elaboramos um plano nutricional personalizado que atende \u00e0s suas necessidades e objetivos.<\/span><\/p><p><strong><span>Tratamento para Defici\u00eancias Nutricionais<\/span><\/strong><span> : <\/span><br \/><span>Se voc\u00ea sofre com falta de vitaminas e minerais, oferecemos um tratamento espec\u00edfico para corrigir essas defici\u00eancias, prevenindo doen\u00e7as e promovendo mais energia e vitalidade.<\/span><\/p><p><strong><span>Nutri\u00e7\u00e3o Esportiva<\/span><\/strong><span> : <\/span><br \/><span>Para atletas ou pessoas que praticam atividade f\u00edsica regular, nossos planos alimentares s\u00e3o desenhados para melhorar seu desempenho e acelerar a recupera\u00e7\u00e3o muscular.<\/span><\/p><p><strong><span>Acompanhamento para Doen\u00e7as Cr\u00f4nicas<\/span><\/strong><span> : <\/span><br \/><span>Se voc\u00ea convive com diabetes, hipertens\u00e3o ou outras doen\u00e7as cr\u00f4nicas, o acompanhamento nutrol\u00f3gico \u00e9 essencial para manter sua sa\u00fade controlada e melhorar sua qualidade de vida.<\/span><\/p><p><strong><span>Perda de Peso e Reeduca\u00e7\u00e3o Alimentar<\/span><\/strong><span> : <\/span><br \/><span>Com foco na sa\u00fade e no bem-estar, nossos planos s\u00e3o desenhados para ajud\u00e1-lo a perder peso de maneira saud\u00e1vel e sustent\u00e1vel, sem dietas restritivas extremas.<\/span><\/p>\t\t\t\t\t\t\t\t<\/div>\n\t\t\t\t<\/div>\n\t\t\t\t\t<\/div>\n\t\t\t\t<\/div>\n\t\t<div class=\"elementor-element elementor-element-8032bd3 e-flex e-con-boxed elementor-invisible e-con e-parent\" data-id=\"8032bd3\" data-element_type=\"container\" data-e-type=\"container\" data-settings=\"{&quot;animation&quot;:&quot;zoomIn&quot;}\">\n\t\t\t\t\t<div class=\"e-con-inner\">\n\t\t\t\t<div class=\"elementor-element elementor-element-62e715d elementor-cta--skin-classic elementor-animated-content elementor-bg-transform elementor-bg-transform-zoom-in elementor-widget elementor-widget-call-to-action\" data-id=\"62e715d\" data-element_type=\"widget\" data-e-type=\"widget\" data-widget_type=\"call-to-action.default\">\n\t\t\t\t<div class=\"elementor-widget-container\">\n\t\t\t\t\t\t\t<div class=\"elementor-cta\">\n\t\t\t\t\t\t\t<div class=\"elementor-cta__content\">\n\t\t\t\t\n\t\t\t\t\t\t\t\t\t<h2 class=\"elementor-cta__title elementor-cta__content-item elementor-content-item\">\n\t\t\t\t\t\tAgende sua consulta agora mesmo e comece sua jornada para uma vida mais saud\u00e1vel!\t\t\t\t\t<\/h2>\n\t\t\t\t\n\t\t\t\t\n\t\t\t\t\t\t\t\t\t<div class=\"elementor-cta__button-wrapper elementor-cta__content-item elementor-content-item \">\n\t\t\t\t\t<a class=\"elementor-cta__button elementor-button elementor-size-\" href=\"#\">\n\t\t\t\t\t\tAgendar sua consulta no WhatsApp\t\t\t\t\t<\/a>\n\t\t\t\t\t<\/div>\n\t\t\t\t\t\t\t<\/div>\n\t\t\t\t\t\t<\/div>\n\t\t\t\t\t\t<\/div>\n\t\t\t\t<\/div>\n\t\t\t\t\t<\/div>\n\t\t\t\t<\/div>\n\t\t\t\t<\/div>\n\t\t","protected":false},"excerpt":{"rendered":"<p>Avalia\u00e7\u00e3o Nutricional Completa : Na primeira consulta, realizamos uma an\u00e1lise profunda de sua sa\u00fade, h\u00e1bitos alimentares e estilo de vida. Com essas informa\u00e7\u00f5es, elaboramos um plano nutricional personalizado que atende \u00e0s suas necessidades e objetivos. Tratamento para Defici\u00eancias Nutricionais : Se voc\u00ea sofre com falta de vitaminas e minerais, oferecemos um tratamento espec\u00edfico para corrigir [&hellip;]<\/p>\n","protected":false},"author":1,"featured_media":0,"parent":0,"menu_order":0,"comment_status":"closed","ping_status":"closed","template":"","meta":{"footnotes":""},"class_list":["post-230","page","type-page","status-publish","hentry"],"_links":{"self":[{"href":"https:\/\/jeanpaixao.com.br\/akemi\/wp-json\/wp\/v2\/pages\/230","targetHints":{"allow":["GET"]}}],"collection":[{"href":"https:\/\/jeanpaixao.com.br\/akemi\/wp-json\/wp\/v2\/pages"}],"about":[{"href":"https:\/\/jeanpaixao.com.br\/akemi\/wp-json\/wp\/v2\/types\/page"}],"author":[{"embeddable":true,"href":"https:\/\/jeanpaixao.com.br\/akemi\/wp-json\/wp\/v2\/users\/1"}],"replies":[{"embeddable":true,"href":"https:\/\/jeanpaixao.com.br\/akemi\/wp-json\/wp\/v2\/comments?post=230"}],"version-history":[{"count":40,"href":"https:\/\/jeanpaixao.com.br\/akemi\/wp-json\/wp\/v2\/pages\/230\/revisions"}],"predecessor-version":[{"id":640,"href":"https:\/\/jeanpaixao.com.br\/akemi\/wp-json\/wp\/v2\/pages\/230\/revisions\/640"}],"wp:attachment":[{"href":"https:\/\/jeanpaixao.com.br\/akemi\/wp-json\/wp\/v2\/media?parent=230"}],"curies":[{"name":"wp","href":"https:\/\/api.w.org\/{rel}","templated":true}]}}